Let s = 600 + -122. Suppose -3*r + 1444 = -0*b - 2*b, 4*b + s = r. What is the hundreds digit of r?
4
Suppose -60*w + 29*w + 67464 = -25*w. What is the thousands digit of w?
1
Let s be 3 + 83 + -3 + 0. Let b = s - 79. What is the units digit of 6*-5*4/((-16)/b)?
0
Let n(a) = 5*a**3 + 49*a**2 + 66*a - 88. Let q(c) = -c**3 - 12*c**2 - 16*c + 22. Let j(p) = 2*n(p) + 9*q(p). What is the units digit of j(13)?
3
Suppose 33824 = 5*y - 2*o, -10*y + 9*y + 6781 = 5*o. What is the thousands digit of y?
6
Let j(r) = 4*r**2 + 9*r - 7. Let b(x) = -x**2 - x + 1. Let u(l) = -3*b(l) - j(l). Let s be u(-6). What is the units digit of -2 + s - (-80 + -1)?
3
Let l(r) = -2*r**3 - 41*r**2 - 20*r + 4. Let d be l(-20). Suppose 0 = 5*n - 2*m + 5*m - 1356, -d*m = 12. What is the hundreds digit of n?
2
Suppose -9*x = 2*r - 11*x - 17540, 4*x = 3*r - 26307. What is the units digit of r?
3
Let o = 2198 + 3047. What is the hundreds digit of o?
2
Suppose 2*d - d = -5*o + 15, 3*d + o - 3 = 0. Let u be 5 - d - (1 + -2). What is the units digit of 139/3 + (-2)/u?
6
Let a be ((-43)/3 - -6)*-3. Let p(d) = 28*d + 236. What is the units digit of p(a)?
6
Let z = 6544 + 4880. What is the tens digit of z?
2
Let j = 71228 - 36937. What is the ten thousands digit of j?
3
What is the ten thousands digit of 393702/(-12)*-2 + (-200)/(-25)?
6
Suppose 164*b = 162*b + 794. Suppose 5*d + 3*w = 655, w - 2*w + b = 3*d. Suppose 404 = 2*y - d. What is the hundreds digit of y?
2
Let n(z) = 375*z. Suppose -4 + 3 = s. Let p be n(s). Let b = -180 - p. What is the tens digit of b?
9
Let k(w) = -w**3 - 8*w**2 - 13*w - 6. Let s be k(-6). What is the hundreds digit of (-226)/(2 - 4/(1 - s))?
1
What is the thousands digit of 1712 - -1*(-3 + 4*(-7)/(-14))?
1
What is the hundreds digit of 4/(-18) - ((-70)/135)/(62/2485797)?
7
Suppose -225 = 6*b + 153. What is the units digit of (-8)/28 + (-17091)/b?
1
What is the thousands digit of (-1 - 0) + 49865 - (-1087 + 1086)?
9
Suppose 50*n + 2166 = 52*n. What is the hundreds digit of n?
0
Let m(p) = -p + 4. Let d be m(0). Let n(x) = 27*x + 191. Let f be n(-7). Let w = d - f. What is the units digit of w?
2
Let d(v) = -1481*v - 2392. What is the thousands digit of d(-8)?
9
Let b(a) = -a - 1. Let w(f) = -21*f + 31. Let l(h) = -106*h + 154. Let q(y) = -2*l(y) + 11*w(y). Let r(j) = -6*b(j) - q(j). What is the units digit of r(8)?
3
Let w = -2 - -5. Suppose 2*k - 25 = w*i - 8, -i + 17 = 5*k. Suppose -228 = -2*z + k*q, -z + 123 = -q - 4*q. What is the tens digit of z?
0
Suppose 5*y + 4*d - 6 = -91, -5*d = -y - 46. What is the tens digit of (-17648)/(-84) - (-2)/y?
1
Let q = -82 - -242. Suppose y + y = q. What is the units digit of y + (0 - 1)*2?
8
Let j(q) = 2*q**3 - 20*q**2 - 50*q + 1048. What is the units digit of j(35)?
8
Suppose -8*l = -242923 + 70771. What is the units digit of l?
9
Suppose 5*x - 314 = -g, g + x - 664 = -g. Let f = 678 - g. What is the tens digit of f?
4
Let w be 2/(-7) - 331/(-7). Let q = 2632 + -2678. Let v = w + q. What is the units digit of v?
1
Let q(s) = 29*s + 41. Let t(f) = f**2 - 10*f + 34. Let n be t(7). What is the tens digit of q(n)?
1
Let o(i) = 1587*i**2 - 9*i. Let l be o(3). Suppose l = 32*j + j. What is the tens digit of j?
3
Let x(q) = 5*q + 13. Let c(w) = -2*w - 8. Let i be c(-2). Let s be x(i). What is the hundreds digit of (((-1890)/(-24))/s)/(6/(-80))?
1
Suppose y - 2 = 2*l, -4*y - 4*l - 3 = -11. Suppose 4*f - 2*w = 22, 5*w - y = -2*f + 3. Let c(x) = 3*x**2 - 4*x + 1. What is the units digit of c(f)?
6
Let f(b) = 4*b + 35. Let z be f(-10). Let l(p) = -p - 1. Let n(s) = 17*s + 4. Let d(y) = 5*l(y) - n(y). What is the hundreds digit of d(z)?
1
Suppose -5*x = 4*v + 9, 7*v - 1 = 3*v - 3*x. Suppose -v*k - 2*k = -42. Suppose -3*w - 640 = -k*w. What is the hundreds digit of w?
1
Suppose -l = 2*z - 25505, 58*l - 2 = 56*l. What is the units digit of z?
2
Let f = 47819 + -26831. What is the thousands digit of f?
0
What is the thousands digit of ((-1755)/(-105))/((-78)/(-120484))?
5
Suppose 0 = -5*k - 45, 4*l + 11225 = -2*k + 281955. What is the hundreds digit of l?
6
Let m = -2 + -8. Let n be ((-8)/(-6))/(-1)*3. What is the units digit of (m + 2)*21/n?
2
Suppose -7*x + 0*x + 35 = 0. What is the units digit of (-1)/x + (-14898)/(-65)?
9
Let w = 40656 - 22044. What is the ten thousands digit of w?
1
Let c(i) = -1. Let l(a) = a - 3. Let g(m) = 3*c(m) - l(m). Let d be g(-3). Suppose d*r = j - 90, 5*j - 3*r - 370 = -4*r. What is the tens digit of j?
7
Suppose -188*c = -178*c - 2475 - 39945. What is the hundreds digit of c?
2
Suppose t - w = 5728, 0*t = 3*t - 2*w - 17183. Suppose -6*v = -t + 1413. What is the units digit of v?
9
What is the tens digit of (-28)/(-210) + 949883/165?
5
Suppose -6*y - 19 = -91. Suppose -y*f + 6*f + 1422 = 0. What is the hundreds digit of f?
2
Let c(f) = 203*f**2 + 76*f - 847. What is the hundreds digit of c(10)?
2
Let w = -105 - -110. What is the hundreds digit of -3*(9/(-45) + (-794)/w)?
4
Suppose -29*w + 214656 = -75228. What is the thousands digit of w?
9
Let d be (14 - 2)/(5 + -2 + -2). What is the tens digit of 465*4/(-16)*(-64)/d?
2
Let a = 113 - 49. Let z = -113 + a. Let h = -40 - z. What is the units digit of h?
9
Suppose 3*w - 6195 = 6030. What is the units digit of w?
5
Let b(x) = 319*x + 10869. What is the units digit of b(95)?
4
Let o = -15444 - -28910. What is the tens digit of o?
6
Suppose 0 = 59*s - 1349191 + 61103. What is the hundreds digit of s?
8
Let f be (20/(-110) + (-23)/55)*-65. Let d = f + 430. What is the units digit of d?
9
Suppose 4*p - 2121*w - 133044 = -2119*w, p + 3*w = 33240. What is the ten thousands digit of p?
3
Let w(o) = 2*o**2 - 24*o + 24. Let x be w(11). Suppose x*m = r - 7 - 32, r - m - 36 = 0. What is the tens digit of r?
3
Let z(k) = -4*k**2 + 25*k + 11*k**2 - k**3 - 6 - 33*k. Let v be z(5). Suppose 3*q = -4*c + v*q + 181, -68 = -2*c - 4*q. What is the tens digit of c?
4
What is the units digit of (1790 - (-49 - -25))/((-2)/(-5))?
5
Let j be (-2 - 0)/(5 + (-101)/20). Suppose 0 = -11*s + 15*s - j. What is the tens digit of s?
1
Suppose 3*g + 37 + 29 = 3*h, 0 = 4*h + 4*g - 64. Suppose -5 + h = 7*f. Suppose f*c - 340 = -0*c - 2*m, -m = -2*c + 352. What is the hundreds digit of c?
1
What is the hundreds digit of (57/(-5) + 5)/((-23)/27830)?
7
Let u(t) = t**3 + 4*t**2 - 6*t - 3. Let k be u(-5). What is the units digit of 2/4*56*15/k?
0
Let p = 54 - -23. Suppose -5*r + 0*q - p = 3*q, 8 = -2*q. Let f(c) = c**2 + 12*c + 26. What is the tens digit of f(r)?
3
Let h(i) = 1921*i + 44385. What is the tens digit of h(0)?
8
Let l(u) = -44*u + 1. Let x be l(2). Suppose -1368 = w + 8*w. Let j = x - w. What is the units digit of j?
5
Let o(f) be the first derivative of -f**4/4 + 7*f**3/3 + 3*f - 11. Let t be o(7). Suppose 0 = -4*c, -4*g = -0*g - t*c - 248. What is the tens digit of g?
6
Suppose 47 = 5*l + 2*a, -4*a - 38 = l - 3*l. Suppose -3*w + l = -3*y - 4*w, 0 = -2*y + w + 1. Let c(f) = -19*f + 5. What is the tens digit of c(y)?
4
Let u(t) be the third derivative of 1/30*t**5 + 1/2*t**3 + 0 - 3/8*t**4 + 0*t - 4*t**2. What is the units digit of u(-4)?
1
Let c(o) = 3*o**2 - 3*o - 66. Suppose -3*l - k + 12 = -l, 5*k - 12 = -4*l. What is the units digit of c(l)?
2
Let d = -2537 + 56131. What is the units digit of d?
4
Let o be (32/12 + -2)*3. Let z(l) = 5*l**3 - 1. Let p be z(1). Suppose 0 = -o*g + g - j + 101, -j = -p. What is the units digit of g?
7
Suppose 0 = -3*r + 3*a + 90939, -15*a = 2*r - 14*a - 60650. What is the hundreds digit of r?
3
Suppose 293*y = 74*y + 3293103. What is the thousands digit of y?
5
What is the ten thousands digit of 180/(-24)*(-2 + (-30464)/10)?
2
Let a(k) = -k**2 + 100*k - 22. Let l be a(24). Suppose -33*i - i = -l. What is the tens digit of i?
5
Let z(c) be the third derivative of c**5/60 + c**4/6 + c**3/3 - 8*c**2. Let h be z(-5). What is the tens digit of h*1/((-20)/(-19) - 1)?
3
Let r(x) be the second derivative of x**4/12 + 5*x**3/6 - 7*x**2 + 6*x. Let i be r(-7). Suppose -3*m + 8*m - 400 = i. What is the units digit of m?
0
Let f be (((-4)/(-12) + 0)*-2)/((-19)/228). Let k be (-1)/(2/(-4))*237. Suppose 110 = f*a - k. What is the tens digit of a?
7
Let q be (2/(-6) + 10/12)*28. What is the tens digit of 12/(-28) - (-12480)/q?
9
Let k = -4268 - -4557. What